{"id":41,"date":"2013-11-08T20:28:12","date_gmt":"2013-11-08T20:28:12","guid":{"rendered":"http:\/\/www.muzikoterapeuti.hr\/?page_id=41"},"modified":"2015-06-05T12:35:23","modified_gmt":"2015-06-05T12:35:23","slug":"postanite-clan","status":"publish","type":"page","link":"https:\/\/www.muzikoterapeuti.hr\/?page_id=41","title":{"rendered":"Postanite \u010dlan"},"content":{"rendered":"<p>Ukoliko zadovoljavate navedene statutarne uvjete za \u010dlanstvo i vidite sebe u na\u0161im<br \/>\naktivnostima s veseljem \u0107emo Vas primiti u \u010dlanstvo Hrvatske udruge muzikoterapeuta.<\/p>\n<h4><span style=\"color: #ff6600;\"><a href=\"http:\/\/www.muzikoterapeuti.hr\/wp-content\/uploads\/2013\/11\/foto-web_7.jpg\"><img decoding=\"async\" loading=\"lazy\" class=\"alignnone size-full wp-image-366\" src=\"http:\/\/www.muzikoterapeuti.hr\/wp-content\/uploads\/2013\/11\/foto-web_7.jpg\" alt=\"foto-web_7\" width=\"275\" height=\"450\" srcset=\"https:\/\/www.muzikoterapeuti.hr\/wp-content\/uploads\/2013\/11\/foto-web_7.jpg 275w, https:\/\/www.muzikoterapeuti.hr\/wp-content\/uploads\/2013\/11\/foto-web_7-183x300.jpg 183w\" sizes=\"(max-width: 275px) 100vw, 275px\" \/><\/a><\/span><\/h4>\n<h4><span style=\"color: #008000;\">Za\u0161to?<\/span><\/h4>\n<ul>\n<li>povoljnija kotizacija za te\u010dajeve i druge skupove<\/li>\n<li>redovito informiranje o nadolaze\u0107im doga\u0111ajima u organizaciji Udruge<\/li>\n<li>prednost prijave na te\u010daj u slu\u010daju ve\u0107eg broja polaznika od predvi\u0111enog<\/li>\n<li>pristup posebnom dijelu za \u010dlanove na web stranici omogu\u0107uje:\n<ul>\n<li>informiranje o nadolaze\u0107im doga\u0111ajima na e-mail<\/li>\n<li>pristup pisanim materijalima i predavanjima u elektronskom obliku sa<br \/>\nskupova i edukacija na\u00a0kojima ste sudjelovali<\/li>\n<\/ul>\n<\/li>\n<\/ul>\n<h4><span style=\"color: #008000;\">Kako?<\/span><\/h4>\n<ul>\n<li>Ispunite\u00a0<span style=\"color: #008000;\"><a style=\"color: #008000;\" href=\"http:\/\/www.muzikoterapeuti.hr\/wp-content\/uploads\/2013\/11\/PRISTUPNICU.docx\">PRISTUPNICU<\/a><a style=\"color: #008000;\" href=\"http:\/\/www.muzikoterapeuti.hr\/?p=150\" target=\"_blank\"><span style=\"text-decoration: underline;\"><span>\u00a0<\/span><\/span> <\/a><\/span>i po\u0161aljite je na <span style=\"color: #008000;\">hum@muzikoterapeuti.hr<\/span><\/li>\n<li>uplatite \u010dlanarinu od 150 kn (studenti 100 kn) na ra\u010dun Udruge<\/li>\n<li>u roko od nekoliko dana primit \u0107ete upute za pristup \u010dlanskom dijelu ovih<br \/>\nweb stranica, gdje \u0107ete na\u0107i daljnje upute i ostale materijale rezervirane za \u010dlanove<\/li>\n<\/ul>\n","protected":false},"excerpt":{"rendered":"<p>Ukoliko zadovoljavate navedene statutarne uvjete za \u010dlanstvo i vidite sebe u na\u0161im aktivnostima s veseljem \u0107emo Vas primiti u \u010dlanstvo Hrvatske udruge muzikoterapeuta. Za\u0161to? povoljnija kotizacija za te\u010dajeve i druge skupove redovito informiranje o nadolaze\u0107im doga\u0111ajima u organizaciji Udruge prednost prijave na te\u010daj u slu\u010daju ve\u0107eg broja polaznika od predvi\u0111enog pristup posebnom dijelu za \u010dlanove &hellip; <a href=\"https:\/\/www.muzikoterapeuti.hr\/?page_id=41\" class=\"more-link\">Nastavi \u010ditati <span class=\"screen-reader-text\">Postanite \u010dlan<\/span> <span class=\"meta-nav\">&rarr;<\/span><\/a><\/p>\n","protected":false},"author":3,"featured_media":0,"parent":8,"menu_order":0,"comment_status":"closed","ping_status":"closed","template":"","meta":[],"_links":{"self":[{"href":"https:\/\/www.muzikoterapeuti.hr\/index.php?rest_route=\/wp\/v2\/pages\/41"}],"collection":[{"href":"https:\/\/www.muzikoterapeuti.hr\/index.php?rest_route=\/wp\/v2\/pages"}],"about":[{"href":"https:\/\/www.muzikoterapeuti.hr\/index.php?rest_route=\/wp\/v2\/types\/page"}],"author":[{"embeddable":true,"href":"https:\/\/www.muzikoterapeuti.hr\/index.php?rest_route=\/wp\/v2\/users\/3"}],"replies":[{"embeddable":true,"href":"https:\/\/www.muzikoterapeuti.hr\/index.php?rest_route=%2Fwp%2Fv2%2Fcomments&post=41"}],"version-history":[{"count":8,"href":"https:\/\/www.muzikoterapeuti.hr\/index.php?rest_route=\/wp\/v2\/pages\/41\/revisions"}],"predecessor-version":[{"id":572,"href":"https:\/\/www.muzikoterapeuti.hr\/index.php?rest_route=\/wp\/v2\/pages\/41\/revisions\/572"}],"up":[{"embeddable":true,"href":"https:\/\/www.muzikoterapeuti.hr\/index.php?rest_route=\/wp\/v2\/pages\/8"}],"wp:attachment":[{"href":"https:\/\/www.muzikoterapeuti.hr\/index.php?rest_route=%2Fwp%2Fv2%2Fmedia&parent=41"}],"curies":[{"name":"wp","href":"https:\/\/api.w.org\/{rel}","templated":true}]}}