{"id":85,"date":"2013-11-09T21:07:22","date_gmt":"2013-11-09T21:07:22","guid":{"rendered":"http:\/\/www.muzikoterapeuti.hr\/?page_id=85"},"modified":"2018-04-24T06:01:07","modified_gmt":"2018-04-24T06:01:07","slug":"muzikoterapija","status":"publish","type":"page","link":"https:\/\/www.muzikoterapeuti.hr\/?page_id=85","title":{"rendered":"Muzikoterapija"},"content":{"rendered":"<ul>\n<li><span style=\"color: #008000;\">\u0160to je muzikoterapija?<\/span><\/li>\n<\/ul>\n<p style=\"text-align: left;\">Muzikoterapija predstavlja profesionalnu upotrebu glazbe i njenih elemenata kao\u00a0intervencije u medicinskom, obrazovnom i svakodnevnom okru\u017eenju, u radu s\u00a0pojedincima, skupinama, obiteljima ili zajednicama koje nastoje ostvariti optimalnu<br \/>\nkvalitetu \u017eivota i pobolj\u0161ati fizi\u010dko, socijalno, emotivno, spoznajno i duhovno zdravlje.<br \/>\nIstra\u017eivanja, edukacija i klini\u010dka praksa u muzikoterapiji temelje se na stru\u010dnim standardima koji su postavljeni s obzirom na kulturolo\u0161ko, socijalno i politi\u010dko okru\u017eenje.<\/p>\n<ul>\n<li><span style=\"color: #008000;\">Tko su muzikoterapeuti?<\/span><\/li>\n<\/ul>\n<p><span style=\"line-height: 1.5;\">Na\u0161i ciljevi su utvrditi i primjeniti pristupe muzikoterapije koji u\u010dinkovito poma\u017eu u\u00a0obnavljanju, odr\u017eavanju i pobolj\u0161avanju fizi\u010dkog i psihi\u010dkog zdravlja.\u00a0U tom cilju, vjerujemo u dostojanstvo i vrijednost svake osobe.\u00a0Promi\u010demo kori\u0161tenje glazbe u terapiji, uspostavljanje i odr\u017eavanje visokih standarda u klini\u010dkom radu, te od sebe zahtijevamo maksimum u eti\u010dkom pona\u0161anju. \u00a0 \u00a0 \u00a0 \u00a0 \u00a0 \u00a0 \u00a0 \u00a0 \u00a0 \u00a0 \u00a0 \u00a0 \u00a0 \u00a0 \u00a0 \u00a0 \u00a0 \u00a0 \u00a0 \u00a0 \u00a0 \u00a0 \u00a0 \u00a0 \u00a0 \u00a0 \u00a0 \u00a0 \u00a0 \u00a0 \u00a0 \u00a0 \u00a0 \u00a0 \u00a0 \u00a0 \u00a0 \u00a0\u00a0<\/span><\/p>\n<ul>\n<li><span style=\"color: #008000;\">\u0160to rade muzikoterapeuti?<\/span><\/li>\n<\/ul>\n<p>Muzikoterapeuti procjenjuju emocionalno i fizi\u010dko zdravlje, socijalno funkcioniranje,\u00a0komunikacijske sposobnosti i spoznajne vje\u0161tine kroz glazbene odgovore;\u00a0osmi\u0161ljavaju seanse muzikoterapije na temelju potreba klijenta primjenjuju\u0107i muzi\u010dku improvizaciju, receptivno slu\u0161anje glazbe, skladanje pjesama, analizu teksta pjesme,\u00a0glazbu i vo\u0111enu imaginaciju, muzi\u010dke nastupe i u\u010denje kroz glazbu; sudjeluju u interdisciplinarnom planiranju tretmana, procjeni i pra\u0107enju u\u010dinaka.<\/p>\n<ul>\n<li><span style=\"color: #008000;\">Podu\u010dava li muzikoterapeut \u00a0muzi\u010dke vje\u0161tine?<\/span><\/li>\n<\/ul>\n<p>Muzikoterapija nije zamjena za glazbeno obrazovanje. Klijenti za vrijeme trajanja\u00a0muzikoterapije \u010desto steknu odre\u0111ene muzi\u010dke vje\u0161tine, poput intonacije, ritmi\u010dke kontrole, svjesnosti o muzi\u010dkoj formi, manipulativnoj kontroli itd.<br \/>\nOve su vje\u0161tine, ma koliko \u010dinile va\u017ean dio terapije, sporedne u odnosu na unaprijed odre\u0111ene terapijske ciljeve.<\/p>\n<ul>\n<li><span style=\"color: #008000;\">Koje su na\u010de\u0161\u0107e zablude o muzikoterapiji?<\/span><\/li>\n<\/ul>\n<p>Osoba mora imati muzi\u010dke sposobnosti kako bi imala koristi od muzikoterapije &#8211; nije to\u010dno! Muzi\u010dke sposobnosti nisu nu\u017ene kako bi osoba sudjelovala u muzikoterapiji i kroz tretman razvijala svoje vje\u0161tine.<br \/>\nPostoji odre\u0111ena vrsta glazbe koja ima ve\u0107i terapijski u\u010dinak, od druge &#8211; nije to\u010dno! Svi stilovi glazbe mogu biti korisni u poticanju pozitivnih promjena u pona\u0161nju klijenta. Preferencije osobe, okolonosti, potrebe i ciljevi tretmana, poma\u017eu muzikoterapeutu u odabiru glazbe koju \u0107e koristiti u terapiji.<\/p>\n<p><a href=\"http:\/\/www.muzikoterapeuti.hr\/wp-content\/uploads\/2013\/11\/foto-web_8.jpg\"><img decoding=\"async\" loading=\"lazy\" class=\"alignnone size-full wp-image-359\" src=\"http:\/\/www.muzikoterapeuti.hr\/wp-content\/uploads\/2013\/11\/foto-web_8.jpg\" alt=\"foto-web_8\" width=\"275\" height=\"382\" srcset=\"https:\/\/www.muzikoterapeuti.hr\/wp-content\/uploads\/2013\/11\/foto-web_8.jpg 275w, https:\/\/www.muzikoterapeuti.hr\/wp-content\/uploads\/2013\/11\/foto-web_8-215x300.jpg 215w\" sizes=\"(max-width: 275px) 100vw, 275px\" \/><\/a><\/p>\n","protected":false},"excerpt":{"rendered":"<p>\u0160to je muzikoterapija? Muzikoterapija predstavlja profesionalnu upotrebu glazbe i njenih elemenata kao\u00a0intervencije u medicinskom, obrazovnom i svakodnevnom okru\u017eenju, u radu s\u00a0pojedincima, skupinama, obiteljima ili zajednicama koje nastoje ostvariti optimalnu kvalitetu \u017eivota i pobolj\u0161ati fizi\u010dko, socijalno, emotivno, spoznajno i duhovno zdravlje. Istra\u017eivanja, edukacija i klini\u010dka praksa u muzikoterapiji temelje se na stru\u010dnim standardima koji su postavljeni &hellip; <a href=\"https:\/\/www.muzikoterapeuti.hr\/?page_id=85\" class=\"more-link\">Nastavi \u010ditati <span class=\"screen-reader-text\">Muzikoterapija<\/span> <span class=\"meta-nav\">&rarr;<\/span><\/a><\/p>\n","protected":false},"author":3,"featured_media":0,"parent":0,"menu_order":2,"comment_status":"closed","ping_status":"closed","template":"","meta":[],"_links":{"self":[{"href":"https:\/\/www.muzikoterapeuti.hr\/index.php?rest_route=\/wp\/v2\/pages\/85"}],"collection":[{"href":"https:\/\/www.muzikoterapeuti.hr\/index.php?rest_route=\/wp\/v2\/pages"}],"about":[{"href":"https:\/\/www.muzikoterapeuti.hr\/index.php?rest_route=\/wp\/v2\/types\/page"}],"author":[{"embeddable":true,"href":"https:\/\/www.muzikoterapeuti.hr\/index.php?rest_route=\/wp\/v2\/users\/3"}],"replies":[{"embeddable":true,"href":"https:\/\/www.muzikoterapeuti.hr\/index.php?rest_route=%2Fwp%2Fv2%2Fcomments&post=85"}],"version-history":[{"count":19,"href":"https:\/\/www.muzikoterapeuti.hr\/index.php?rest_route=\/wp\/v2\/pages\/85\/revisions"}],"predecessor-version":[{"id":738,"href":"https:\/\/www.muzikoterapeuti.hr\/index.php?rest_route=\/wp\/v2\/pages\/85\/revisions\/738"}],"wp:attachment":[{"href":"https:\/\/www.muzikoterapeuti.hr\/index.php?rest_route=%2Fwp%2Fv2%2Fmedia&parent=85"}],"curies":[{"name":"wp","href":"https:\/\/api.w.org\/{rel}","templated":true}]}}